ase 13, what is -52c0 - 4c?
-533c
In base 5, what is 14110 - -1?
14111
In base 2, what is 1001001111 + 10010?
1001100001
In base 6, what is 1144240 + 1?
1144241
In base 5, what is -11 + -3141043?
-3141104
In base 13, what is 5 + -1a6b?
-1a66
In base 6, what is 13 - -215031?
215044
In base 13, what is -38 + 32b?
2c3
In base 5, what is -134 + 1331124?
1330440
In base 9, what is -4027 + 18?
-4008
In base 4, what is 2 + 11123111221?
11123111223
In base 10, what is -8765 + -6?
-8771
In base 6, what is 15255 - 1054?
14201
In base 6, what is -150032 + 5?
-150023
In base 11, what is -2 - -124a26?
124a24
In base 2, what is -1010010001 - 101001011?
-1111011100
In base 13, what is 1557c + 3b?
155ba
In base 9, what is 17866 + -445?
17421
In base 9, what is 17 - -31386?
31414
In base 7, what is 51566546 + -1?
51566545
In base 14, what is 4 - 35bbd?
-35bb9
In base 6, what is 34512501 - -5?
34512510
In base 16, what is 8d - -365?
3f2
In base 16, what is 5 - -4042?
4047
In base 14, what is 1 - -408b?
408c
In base 14, what is 18 - 1060?
-1046
In base 5, what is -20414 - -211?
-20203
In base 13, what is 7550 + -49?
7504
In base 9, what is 21033 - 8?
21024
In base 8, what is 324533 - 13?
324520
In base 6, what is -4 - 3501414?
-3501422
In base 9, what is -28532 - -5?
-28526
In base 5, what is -30434401 + -21?
-30434422
In base 4, what is -2303222111 + 1?
-2303222110
In base 5, what is -2400 + 3?
-2342
In base 4, what is 10 - -3021132?
3021202
In base 16, what is -3 + -4b51?
-4b54
In base 11, what is 131500 - 18?
131493
In base 14, what is -18b92 + 37?
-18b59
In base 4, what is -33 - -2313111?
2313012
In base 14, what is -6ac0 + -5?
-6ac5
In base 5, what is -240144 + -44?
-240243
In base 8, what is -2354 + -326?
-2702
In base 11, what is 71120 + 1?
71121
In base 10, what is 0 - 22627?
-22627
In base 4, what is 12132120001 - -10?
12132120011
In base 8, what is -213 - -605?
372
In base 9, what is -21 + 13827?
13806
In base 11, what is -288a - 6?
-2895
In base 12, what is 29 - 14583?
-14556
In base 14, what is -20c - -143?
-a9
In base 4, what is 10 + 310033312?
310033322
In base 12, what is 101 - 14a6a?
-14969
In base 6, what is 244231142 - 1?
244231141
In base 8, what is 14 + -36?
-22
In base 10, what is -2 - -44907?
44905
In base 11, what is 4457 + -8?
444a
In base 15, what is 3c + 5d87?
5dc4
In base 12, what is 38 + -102a0?
-10264
In base 9, what is -15360 - -20?
-15340
In base 3, what is 2 - -21221022?
21221101
In base 2, what is 1111001011111 + 10011?
1111001110010
In base 3, what is 10 + -2020200101112?
-2020200101102
In base 12, what is 116859b + 0?
116859b
In base 7, what is -55665232 - 5?
-55665240
In base 2, what is 1110010 + -111011000000?
-111001001110
In base 10, what is -969 - -593?
-376
In base 12, what is -10b99 - -1?
-10b98
In base 8, what is 6 - 2176572?
-2176564
In base 5, what is -12 + -40443?
-41010
In base 10, what is -4 + 10484?
10480
In base 7, what is -1331000 - -5?
-1330662
In base 15, what is 10 + e75?
e85
In base 3, what is 10 + -2022101?
-2022021
In base 15, what is 3 + -c2443?
-c2440
In base 3, what is -2222012 + -21?
-2222110
In base 13, what is 1a44 - 342?
1702
In base 16, what is -5 + -22907?
-2290c
In base 10, what is -35587 - 0?
-35587
In base 2, what is -100 - -11001011101001111110?
11001011101001111010
In base 10, what is 2002 - -189?
2191
In base 3, what is 1021010000 - 101?
1021002122
In base 6, what is -5241 + -50?
-5331
In base 7, what is -63 - -11415?
11322
In base 9, what is 20 + -375?
-355
In base 8, what is -506 - -36?
-450
In base 2, what is -11110101101 - 10000?
-11110111101
In base 3, what is -11 + 212100102210?
212100102122
In base 2, what is 10110111100001 + -1?
10110111100000
In base 6, what is 5 + -112251?
-112242
In base 4, what is 1 - -113003332?
113003333
In base 8, what is 10200 + 2?
10202
In base 6, what is -103011 - -242?
-102325
In base 5, what is 1001033041 - -3?
1001033044
In base 12, what is 47a - 1a?
460
In base 11, what is 24 - 1a82?
-1a59
In base 9, what is 1 - -1654677?
1654678
In base 9, what is 8 - 56525?
-56516
In base 16, what is -607 + -223?
-82a
In base 9, what is -4 - -26575?
26571
In base 7, what is 5 - 1664350?
-1664342
In base 8, what is 3311 + -12?
3277
In base 10, what is -547 - -680?
133
In base 4, what is 1 + -333301?
-333300
In base 3, what is -1102121000 + -102?
-1102121102
In base 6, what is 4120 + 2025?
10145
In base 12, what is 339104 - 7?
3390b9
In base 8, what is 4 + -150620?
-150614
In base 7, what is 21 - -24513?
24534
In base 3, what is 102122 + 11111102?
11221001
In base 3, what is -11 + 2101221010?
2101220222
In base 4, what is 13 + 23231010?
23231023
In base 2, what is 10000110110111111 - -1?
10000110111000000
In base 5, what is 23420 + -30?
23340
In base 13, what is -b + 14a1?
1493
In base 12, what is -b58 + -71?
-1009
In base 7, what is 2626 + 1?
2630
In base 2, what is -100 + 10101011000111001100?
10101011000111001000
In base 15, what is 2 - 15db7?
-15db5
In base 7, what is 12 + -644632?
-644620
In base 8, what is -42727 - -6?
-42721
In base 5, what is 12011100 - 1?
12011044
In base 4, what is -2 + 2012110?
2012102
In base 12, what is 1288 - -50?
1318
In base 3, what is -21 + 2200?
2102
In base 16, what is -b2ff + -3?
-b302
In base 6, what is -2253 - -15100?
12403
In base 6, what is -51434 + -32?
-51510
In base 6, what is -535 + 443?
-52
In base 13, what is 0 - 20a0?
-20a0
In base 5, what is -142422433 - -1?
-142422432
In base 7, what is -4 + 115215?
115211
In base 8, what is -23 + -726?
-751
In base 7, what is -25 + 4410?
4352
In base 8, what is 21650110 - -5?
21650115
In base 16, what is 1242 - d2?
1170
In base 14, what is -4a1b - 0?
-4a1b
In base 2, what is -100100 + 101110001110?
101101101010
In base 11, what is -3555 - -15?
-3540
In base 10, what is -1705 + -467?
-2172
In base 3, what is -110211210210 - 101?
-110211211011
In base 2, what is -1011011100000010 - 1?
-1011011100000011
In base 13, what is 2 + -1a8342?
-1a8340
In base 15, what is -5 - a559?
-a55e
In base 9, what is -31458 - -38?
-31420
In base 3, what is 11 - -11211012101?
11211012112
In base 13, what is -b2 + -3b3?
-495
In base 11, what is -2 + 293680?
293679
In base 13, what is 10 - -13890?
138a0
In base 16, what is 3d - 1176?
-1139
In base 14, what is 1983 + 1b9?
1b5c
In base 10, what is -53 + 31941?
31888
In base 3, what is -12 + 10201222121?
10201222102
In base 13, what is 14 - -29c2?
2a06
In base 2, what is -101 + -10011010110?
-10011011011
In base 8, what is -153 + 3326?
3153
In base 3, what is -22 - 20101002?
-20101101
In base 2, what is -10110100000101 + 110001?
-10110011010100
In base 6, what is -12443 + -1?
-12444
In base 16, what is 17 - 31c1?
-31aa
In base 2, what is 1011010110111 - -10010?
1011011001001
In base 10, what is -157 - -447?
290
In base 8, what is 403025 + 4?
403031
In base 5, what is -1443 - -1140?
-303
In base 11, what is -7 - -1691?
1685
In base 5, what is -14213 - -1312?
-12401
In base 5, what is -103024 + 1413?
-101111
In base 16, what is 8e7 - 44?
8a3
In base 3, what is -2010201001 + -11022?
-2010212100
In base 3, what is 12212021 + 112?
12212210
In base 12, what is -2 + 26900?
268ba
In base 10, what is 280 + -10351?
-10071
In base 15, what is -2b7d1 - 4?
-2b7d5
In base 9, what is -2233 - 332?
-2565
In base 4, what is 0 - -3010221?
3010221
In base 14, what is -411 + 11?
-400
In base 8, what is 140275 - -6?
140303
In base 2, what is -100 + 100111111110100011?
100111111110011111
In base 6, what is 22 - -140043?
140105
In base 9, what is 18 - 4611?
-4582
In base 10, what is 675 + -207?
468
In base 15, what is 2b + -46b3?
-4687
In base 5, what is 103403 + 14?
103422
In base 12, what is -7a97 - -80?
-7a17
In base 14, what is -5bb + -d4?
-6b1
In base 7, what is 100 - -241?
341
In base 14, what is -153 + 44a?
2d7
In base 11, what is 0 + 8390?
8390
In base 9, what is 154687 + -2?
154685
In base 11, what is 5 - 210078?
-210073
In base 9, what is -5 - 176415?
-176421
In base 11, what is -3 - -35968?
35965
In base 7, what is -15 - -64620?
64602
In base 16, what is 1 - -ba0e?
ba0f
In base 15, what is -202d2 + -2?
-202d4
In base 15, what is 5 - -2330?
2335
In base 9, what is -16742 - 104?
-16846
In base 11, what is 5 - 9583?
-9579
In base 3, what is 100212001 + 11?
100212012
In base 